 14*j = 6*j. What is the units digit of q(j)?
5
Suppose 0 = -p - p + 32. Let c = p - 5. What is the units digit of c?
1
Let c(x) = 24*x**2. Let b be c(1). Suppose -t + 0*t - 3*s = -12, 3*t = -5*s + b. Suppose -t*m - r = 2, -4*m - 4*r = -3*r + 1. What is the units digit of m?
1
Let v = -2 + -1. Let l(j) = -5*j**2 - 6. Let i(n) = -9*n**2 + n - 11. Let z(s) = -6*i(s) + 11*l(s). What is the units digit of z(v)?
9
Let l(u) = 9*u + 3. Let c be l(-5). Let t be 7/(-1)*36/c. Suppose -3*o = -4*o + t. What is the units digit of o?
6
Let f(w) = w**3 + 6*w**2 - w - 8. Let p be f(-6). Let m = 3 - p. What is the units digit of m?
5
What is the tens digit of (-87 + -3)/(1*-2)?
4
Suppose g - 5*j = 30, 3*j + 19 = 4. Suppose g*i - 23 = -2*p, 2*i = -i + 15. What is the units digit of (-2 - -2 - p)*1?
1
Let o = 3 + -3. Let v(h) = h**3 + h**2 + 2. Let w be v(o). What is the tens digit of 13 + (-1 - 0) - w?
1
Let v(n) = -n**3 - 3*n**2 + 1. Let m(j) = j**2 - 1. Let b(u) = 4*u**2 - 5*u - 6. Let h(z) = b(z) - 3*m(z). Let p be h(5). What is the units digit of v(p)?
1
What is the tens digit of (-2 - -6)*65/20?
1
Let v(y) = y. Let q(s) = 4*s - 2. Let o(l) = q(l) - 5*v(l). What is the units digit of o(-9)?
7
Suppose 3*r - 1 = 8. Suppose -r*h = -5 - 1. Suppose 3*j + 5*n - 38 = 0, 3*n + 10 = -h*n. What is the units digit of j?
6
Suppose 5*z - 16 - 49 = 0. What is the tens digit of z?
1
Suppose 4*f + 4 = 5*t, 4 = 4*t - 2*f - f. Suppose -211 = -4*y - 3*z, t*y - 6*z = -4*z + 186. What is the units digit of y?
9
Let n(r) = -6*r + 3. Let w be n(-3). Let f be (-74)/6 + (-2)/(-6). Let d = f + w. What is the units digit of d?
9
Let p(f) = -f**2 + 5*f - 2. Let k(c) = c**2 + 4*c - 3. Let r be k(-5). Let u be p(r). What is the units digit of u - 1 - (3 + -4)?
4
Let y(v) = -v**2 - 2*v - 3. Let d be y(-4). Let g = d - -16. Suppose -70 = -g*i + 20. What is the tens digit of i?
1
What is the units digit of ((-192)/10)/(23/(-115))?
6
Suppose 0 = -8*d + 11*d - 714. What is the hundreds digit of d?
2
What is the units digit of 6/(-3)*(-42)/4?
1
Let o(l) = -l + 17. Let q be o(0). Suppose 0 = -2*w - q + 43. Suppose -4*t + w = 1. What is the units digit of t?
3
Suppose 14 = 4*y + 2*z, z + z - 6 = 4*y. Suppose -7 = h - y. What is the units digit of 22/12 + (-1)/h?
2
Suppose 2*x - x - 35 = 0. What is the units digit of x?
5
Let b = 15 - 12. What is the units digit of b?
3
Let l = 6 + 4. Let q be ((-16)/l)/(-4)*10. Suppose 5*a + 2*u = -0*u + 5, 0 = q*a + 4*u - 4. What is the units digit of a?
1
Suppose -5*o - 3*y + 354 = -2*y, -4*o + 296 = 4*y. What is the units digit of o?
0
Let m(h) = 6*h - 13. What is the units digit of m(4)?
1
Suppose 0 = -5*h + 6*h. What is the units digit of 4 + (h - -2) + 1?
7
Suppose 10*y - 30 = 5*y. What is the units digit of y?
6
Let z be 6 - ((-9)/(-3) - -1). Suppose t - 6*t + 30 = 0. Suppose z*f - f - t = 0. What is the units digit of f?
6
What is the tens digit of 190 - ((-96)/(-40) + 2/(-5))?
8
Let y be 6/9 + 12/9. Suppose -4*p + 65 = -3*i - 2*i, i = -y*p + 43. What is the units digit of p?
0
Let b = 6 - 10. Let q = -14 - -21. Let w = b + q. What is the units digit of w?
3
Let y(v) = -81*v**3 + v**2. What is the units digit of y(-1)?
2
Let q = 134 + -74. What is the tens digit of q?
6
Let m be (3 - 5)/(1/6). Let j = 42 + m. Suppose -4*t = -2*t + 5*q + 19, -5*t + 3*q = -j. What is the units digit of t?
3
Let r(n) = -11*n - 18. What is the tens digit of r(-13)?
2
Let j = 1 - -3. Suppose -2*o = j*z - 24, 0 = -4*o - o + 3*z - 5. Suppose -3*d = o - 50. What is the units digit of d?
6
What is the tens digit of 8/24 + 286/6?
4
Let j be 6 + -1 + 0 + -2. Suppose -3*g - j = 6. Let d(n) = -n**3 - n**2 + 5*n + 2. What is the units digit of d(g)?
5
Let m(f) = -f**2 + 3*f + 7. Let u be m(5). Let t be (0/(-1) - u) + -1. What is the units digit of 108/20 + t/(-5)?
5
Let q be 1 - (2/(-2) - 2). Let o be 2 + -1 + (0 - 1). Suppose o = 4*a - 0*a - q. What is the units digit of a?
1
Let p be (1 - 31) + (2 - 1). Let j = 50 + p. What is the tens digit of j?
2
Let n = 64 - 39. What is the tens digit of n?
2
Let n = 10 - -33. What is the units digit of n?
3
Let r(v) = -v**2 - v + 7. Let c be (-3)/5 + 6/10. What is the units digit of r(c)?
7
Let h(x) = 4*x**2 + 11*x - 20. Let p(f) = -f**2 - 2*f + 4. Let o(g) = -2*h(g) - 11*p(g). What is the units digit of o(4)?
4
Let y(o) = 7*o - 16. What is the tens digit of y(12)?
6
Let w = 224 + -126. What is the units digit of w?
8
Suppose z = -j + 52, 3*z - 31 - 125 = -4*j. What is the tens digit of z?
5
Suppose 3*a = 5*t - 201, t - 2*t = -4*a - 30. What is the units digit of t?
2
Suppose -2*s = -5*s + 375. What is the tens digit of s?
2
Let p be (8/(-6))/(4/(-12)). Suppose p*g + 9 - 41 = 5*i, -2*i = -2*g + 14. What is the tens digit of (-1 + -26)*i/6?
1
Let q = -1 + 5. Suppose -5*f + 70 = q*z, -2*f - 77 = -5*z - 3*f. What is the units digit of z?
5
What is the units digit of (70/4)/5*8?
8
Let g(p) = -p**3 + 3*p**2 - 2. Let o(b) = -4*b + 1. Let t be o(-1). Suppose -t*j - 17 = s, -s - 4*s + 3*j = 1. What is the tens digit of g(s)?
1
Let n(w) = 8*w + 2. Let s be n(6). Suppose -2*k = 3*k - s. Let d = k - 2. What is the units digit of d?
8
Suppose 4*k + 12 = 0, -4*k - 33 = -3*r - k. Let n = 9 - r. What is the tens digit of (n/(-2))/(4/(-120))?
1
Let z(m) = 9*m + 6. What is the tens digit of z(7)?
6
Let r = 37 - 61. What is the tens digit of ((-15)/10)/(2/r)?
1
Let s = -5 + 13. Suppose 18 - 3 = 3*i. Let t = s - i. What is the units digit of t?
3
Let w = -7 - -3. Let z(v) = -v**3 - 3*v**2 + 4*v + 3. Let l be z(w). Suppose 4*c = -3*h + 8 + l, 2*h - 10 = -4*c. What is the units digit of c?
2
Let x(s) be the first derivative of 3*s**2/2 - 2*s - 1. Let n be x(2). What is the units digit of (11 - 0) + (3 - n)?
0
What is the tens digit of 24/2 - (-10 - -7)?
1
Suppose -3*f + 3*m = -24, -2*m - 40 = -4*f - 14. Suppose f*i = 1 + 24. What is the units digit of i?
5
Suppose 12 = y - k + 3*k, -4*y = 3*k - 33. Let p be ((3 - y) + 2)*-36. Suppose -8*r = -5*r - p. What is the units digit of r?
2
Suppose -4*j - 2*r + 15 = -3*j, -j - 1 = -2*r. What is the units digit of j?
7
Suppose -68 = -6*g + 4. What is the units digit of g?
2
What is the units digit of 4/(-5)*2430/(-36)?
4
Let w(i) be the third derivative of i**5/60 + i**4/6 - 7*i**3/6 - 6*i**2. What is the units digit of w(-6)?
5
Let a(k) = -k**3 + 8*k**2 - 6*k - 4. Let c be a(7). What is the units digit of -21*(c + (-7 - -3))?
1
Suppose 3*l = 2 + 7, -5*l + 45 = 3*y. What is the tens digit of y?
1
Let x = -16 + 17. What is the tens digit of x/8 + 510/16?
3
Let n = -5 + 10. Let z = 11 - n. What is the units digit of z?
6
Let j = -49 - -34. What is the units digit of 9*(j/9 + 3)?
2
Let t(r) = -4*r**3 + 2*r**2 - 6*r + 7. Let u(a) = -a**3 - a**2 - a + 1. Let q(i) = t(i) - 3*u(i). What is the units digit of q(4)?
8
Let i = 9 - 8. Suppose r + c - 5*c = 22, 3*r - i = -c. What is the units digit of r?
2
Let u = -7 + 164. What is the tens digit of u?
5
Let m be (-3)/9 - (-310)/(-15). Let z = 32 + m. What is the tens digit of z?
1
Let y(d) = -3*d - 3. Let a be y(-5). Suppose a = 4*x - 3*x. What is the tens digit of x?
1
Let w(i) = -2*i - 6. Let q be w(-6). Let t = q + -8. What is the tens digit of (t - (-5 - -3)) + 16?
1
Let u(c) be the first derivative of c**3/3 + 2*c**2 + 3*c + 3. What is the units digit of u(-5)?
8
Let x(w) be the second derivative of -3*w**5/10 + w**4/6 + w**3/3 + w**2/2 - w. What is the units digit of x(-1)?
7
Let s be 6/(-4)*(-10)/(-3). What is the units digit of -8 - s - (-4 - 0)?
1
Let u(y) = y**2 - 2*y - 7. What is the units digit of u(6)?
7
Let q(m) = -4*m. Let d = -9 + 4. What is the units digit of q(d)?
0
Let c = 38 - -39. What is the tens digit of c?
7
Let u(b) = 6*b + 98. What is the tens digit of u(0)?
9
Let z(j) = -3*j**2 - 8*j - 10. Let f be z(-4). Let d = f + 57. What is the units digit of d?
1
Let b(i) = -i**3 - 3*i**2 + 3*i - 2. Let y be b(-4). Suppose u + y = 7. What is the units digit of u?
5
Let p(r) = -3 - 6*r**2 + 2*r + 7*r**2 + 3*r. Let j be p(-6). What is the units digit of (-16)/(-2) + (4 - j)?
9
Let d(c) = -c**3 + 5*c**2 + 7*c + 4. Let y be d(6). Suppose -m + 20 = -y. Suppose -3*r - 3*p + m = 0, 14 = 5*r + p - 24. What is the units digit of r?
7
Let d(y) = 4*y + 3. Let l(p) = -2*p**2 